of 195 and 45705.
15
Calculate the greatest common divisor of 41783 and 34216.
329
Calculate the greatest common factor of 40 and 1297830.
10
Calculate the highest common divisor of 31750 and 400.
50
Calculate the highest common divisor of 220 and 9482.
22
What is the highest common factor of 3770 and 14500?
290
What is the highest common divisor of 962 and 1776?
74
What is the highest common divisor of 13393 and 227?
227
What is the greatest common factor of 78668 and 41550?
554
Calculate the highest common factor of 539 and 516131.
77
What is the greatest common divisor of 225 and 36525?
75
What is the greatest common divisor of 340688 and 1498?
214
What is the highest common divisor of 94822 and 182?
182
Calculate the highest common divisor of 2924 and 26488.
172
Calculate the greatest common divisor of 64123 and 2.
1
What is the highest common divisor of 10 and 541010?
10
What is the highest common divisor of 1781845 and 79?
79
What is the highest common factor of 682 and 25333?
11
Calculate the highest common factor of 181 and 979753.
181
What is the greatest common divisor of 1950 and 741130?
130
Calculate the greatest common factor of 403 and 27466.
31
What is the greatest common divisor of 14368 and 256?
32
What is the highest common factor of 48 and 41262?
6
What is the greatest common factor of 160 and 10510?
10
Calculate the highest common divisor of 217494 and 1405.
281
Calculate the greatest common divisor of 390 and 1310.
10
Calculate the highest common factor of 166 and 338.
2
Calculate the highest common divisor of 668 and 132932.
668
Calculate the greatest common divisor of 43 and 37711.
43
What is the greatest common factor of 1575 and 1632375?
225
What is the highest common divisor of 10586 and 6901?
67
Calculate the greatest common factor of 7506408 and 1964.
1964
What is the highest common divisor of 12985 and 4505?
265
What is the greatest common factor of 2145 and 24375?
195
What is the greatest common divisor of 159 and 68317?
53
Calculate the highest common divisor of 183 and 2034.
3
Calculate the greatest common factor of 201636 and 756.
108
What is the greatest common factor of 62730 and 157440?
1230
Calculate the greatest common factor of 110378 and 21526.
458
Calculate the greatest common factor of 40613 and 85.
17
Calculate the highest common divisor of 90 and 7512570.
90
What is the highest common divisor of 1167 and 169993?
389
Calculate the highest common divisor of 1976 and 8632.
104
Calculate the highest common divisor of 3423 and 231.
21
Calculate the greatest common factor of 162421 and 77.
7
What is the highest common divisor of 2541 and 99?
33
Calculate the greatest common factor of 2223186 and 1204.
602
What is the greatest common divisor of 222968 and 21808?
376
What is the greatest common divisor of 11479 and 4303?
13
Calculate the highest common divisor of 278475 and 15.
15
Calculate the highest common divisor of 552 and 60.
12
What is the greatest common factor of 96 and 28761?
3
Calculate the highest common factor of 440 and 43505.
55
Calculate the greatest common divisor of 4976 and 45406.
622
Calculate the greatest common divisor of 55783 and 21.
7
Calculate the greatest common divisor of 165038 and 179.
179
What is the highest common divisor of 254 and 87503?
127
What is the greatest common divisor of 6467 and 377?
29
Calculate the greatest common divisor of 136613 and 1809.
67
Calculate the greatest common divisor of 456 and 338712.
24
Calculate the highest common factor of 76528 and 272.
16
Calculate the highest common divisor of 22342 and 16.
2
What is the highest common factor of 560 and 153860?
140
Calculate the greatest common divisor of 88275 and 200.
25
Calculate the highest common factor of 174 and 212802.
174
Calculate the greatest common divisor of 15049 and 404.
101
What is the highest common factor of 1936 and 4180?
44
What is the highest common divisor of 1 and 3929?
1
Calculate the highest common divisor of 13067 and 5728.
179
Calculate the greatest common factor of 48745 and 235.
5
Calculate the highest common divisor of 20881 and 665.
133
Calculate the greatest common factor of 252 and 2826.
18
What is the greatest common divisor of 254 and 15?
1
Calculate the greatest common divisor of 979 and 72802.
89
Calculate the greatest common factor of 138280 and 120.
40
What is the highest common divisor of 1510 and 530?
10
Calculate the highest common factor of 1100 and 377800.
100
What is the highest common factor of 836 and 75449?
209
What is the greatest common factor of 9481 and 45908?
499
Calculate the highest common factor of 7067 and 925.
37
What is the highest common divisor of 11180075 and 50?
25
What is the greatest common factor of 207536 and 896?
112
Calculate the greatest common divisor of 2432 and 716224.
1216
What is the greatest common divisor of 72035 and 5?
5
Calculate the greatest common divisor of 1036 and 6623.
37
Calculate the greatest common divisor of 99018 and 144.
18
Calculate the greatest common factor of 1890 and 15897.
21
Calculate the highest common factor of 894 and 402.
6
Calculate the greatest common divisor of 198 and 6842.
22
What is the highest common factor of 5108702 and 254?
254
What is the greatest common factor of 738 and 272691?
369
Calculate the greatest common divisor of 4882125 and 2493.
831
Calculate the greatest common factor of 14079701 and 59.
59
Calculate the greatest common divisor of 216 and 223992.
216
What is the greatest common factor of 12835 and 27999?
17
Calculate the greatest common divisor of 71 and 94217.
71
Calculate the highest common factor of 140 and 8196580.
140
What is the greatest common factor of 2020 and 707?
101
What is the highest common divisor of 1474 and 9691?
11
Calculate the highest common divisor of 90431 and 11.
11
What is the highest common factor of 7614 and 152199?
81
What is the greatest common factor of 45963 and 9?
9
What is the greatest common divisor of 494712 and 48?
24
Calculate the highest common factor of 2254574 and 1190.
238
What is the highest common factor of 633 and 942537?
633
Calculate the highest common divisor of 135 and 2385.
45
Calculate the highest common factor of 182682 and 17.
17
Calculate the highest common divisor of 1845300 and 400.
100
What is the highest common divisor of 14912 and 496?
16
Calculate the greatest common factor of 697128 and 24.
24
What is the greatest common factor of 24300 and 50?
50
Calculate the greatest common factor of 5197948 and 28.
28
What is the highest common factor of 36 and 35692?
4
What is the greatest common factor of 524692 and 196?
196
Calculate the greatest common factor of 7115 and 60.
5
What is the greatest common divisor of 211108 and 3204?
356
What is the greatest common divisor of 13347 and 333?
9
Calculate the greatest common divisor of 101 and 79.
1
What is the highest common divisor of 192400 and 26270?
370
What is the greatest common factor of 30 and 3342?
6
Calculate the highest common divisor of 1483 and 1.
1
What is the highest common factor of 491024 and 16?
16
What is the highest common factor of 176 and 688?
16
Calculate the highest common factor of 976 and 24949.
61
What is the highest common factor of 649 and 1859?
11
What is the highest common factor of 52 and 63544?
52
What is the greatest common factor of 11837 and 42028?
133
Calculate the greatest common divisor of 6405 and 7869.
183
What is the greatest common factor of 1775 and 125?
25
Calculate the highest common divisor of 2448 and 96840.
72
Calculate the greatest common divisor of 36 and 10440.
36
Calculate the highest common divisor of 2036938 and 226.
226
Calculate the highest common factor of 3312 and 468.
36
What is the greatest common divisor of 484026 and 6?
6
Calculate the highest common divisor of 9202140 and 30.
30
What is the highest common factor of 145 and 63655?
145
What is the highest common factor of 55919 and 597?
199
What is the highest common divisor of 4908 and 48?
12
What is the highest common divisor of 165 and 33585?
15
Calculate the greatest common divisor of 151 and 44.
1
What is the highest common divisor of 163452 and 424?
212
What is the greatest common factor of 87698 and 832?
26
What is the greatest common divisor of 3438 and 3456?
18
W